= 5*v - 0*v + 5*n. Calculate the remainder when 49 is divided by v.
22
Let z be (-4035)/(-20) - (-1)/4. Suppose -9*u = -8*u + 5, 3*o = 3*u + 117. What is the remainder when z/3 + (-28)/21 is divided by o?
32
Let m(p) = -13*p - 57. Let h be m(-7). Suppose -4*d + h = -58. What is the remainder when 296 is divided by d?
20
Let i(m) = 14*m**2 + m**2 + 2*m + 0*m**2 + 7*m**2 - 1. Let a be i(1). Calculate the remainder when a - (3 - (-1)/(-1)) is divided by 8.
5
Calculate the remainder when (3 - (-1 - 15/(-5))) + (1094 - -10) is divided by 57.
22
Suppose 4*l - 3*k - k = 116, -4*l - 10*k = -102. Calculate the remainder when 181 is divided by l.
13
What is the remainder when 664 is divided by (-1 - 14/(-21))*-15?
4
Suppose 766*k - 761*k + p - 716 = 0, 0 = 5*k - 2*p - 728. What is the remainder when 1011 is divided by k?
3
Suppose 2*g - 328*u - 220 = -334*u, -3*g - 5*u = -322. Suppose 20 = 5*b, 0 = 5*y + 3*b - 2*b - 64. Calculate the remainder when g is divided by y.
8
Let z be ((-16)/(-2) + -5)*44/6. Suppose 4*o + 2*m - z = -0*o, 0 = -o - m + 4. Suppose o*t = 8*t - 36. What is the remainder when 139 is divided by t?
31
Let x(h) = -h + 2. Let u be x(5). What is the remainder when 224 + -1*0/u is divided by 25?
24
Suppose -n + 15 = -q, 3*q - 2 - 8 = -2*n. What is the remainder when 269 is divided by n?
5
Let p = 1719 + -1649. What is the remainder when p is divided by -1*(0 - (-3 - -33))?
10
Suppose 180 = -20*r + 8*r. What is the remainder when 5 - (12/30 + 13596/r) is divided by 11?
9
Suppose 0 = 17*q - 13*q + 2*b - 176, -4*q + b + 164 = 0. What is the remainder when 455 is divided by q?
35
Calculate the remainder when 31942/(-9 - (11 + -22)) + 1 + 1 is divided by 163.
162
Let q(l) = -17*l + 696. Calculate the remainder when 16 is divided by q(40).
0
Let a(o) = o**3 + 7*o**2 - 74*o - 9. Calculate the remainder when 2023 is divided by a(-9).
43
Suppose 2*i + i = 0, -5*i - 20 = -2*f. Let g be -3 - (4/(-1) + f/5). What is the remainder when g + 2 - 0 - (13 - 19) is divided by 3?
1
Suppose k = -k - 2*p - 66, -4*k = -p + 112. Let n = -15 - k. Calculate the remainder when 69 is divided by n.
13
Let u = 66 + 2. Let y = 626 - 620. Let s = y + u. Calculate the remainder when s is divided by 26.
22
Let o(q) = 2*q**3 + 2*q + 145. Let g(h) = 5*h**3 + 21*h**2 + h - 12. Let c be g(-4). Calculate the remainder when o(c) is divided by 22.
13
Suppose 13*s - 14 = 51. Suppose 0 = -s*w + 5*k - 316 + 1016, -149 = -w + 4*k. What is the remainder when w is divided by 73?
64
Suppose 5*j - 71 = -2*c - 8, 0 = -c - j + 39. What is the remainder when 103 is divided by c?
15
Calculate the remainder when 274/2 + 0/2 is divided by (1007/57 - 18) + (156/9 - 3).
11
Let w(a) = 17*a - 10. Suppose 0*v + 22 = 2*v. Let h(s) = -6*s + 3. Let d(c) = v*h(c) + 4*w(c). What is the remainder when 7 is divided by d(6)?
2
Let q(g) = 39*g + 14. Let k(f) = -39*f - 15. Let r(y) = -6*k(y) - 7*q(y). Calculate the remainder when r(-7) is divided by 18.
13
Let i = -215511 + 215617. Suppose -4*o + 2105 = o. What is the remainder when o is divided by i?
103
Suppose -3*j - 2*j - 5*c = 1870, 3*j + 1120 = -2*c. Let f = j - -2532. Suppose -10*m = 5*m - f. What is the remainder when m is divided by 29?
28
Suppose 5*f - 147 = 7*z - 4*z, -4*z = 4*f - 124. Calculate the remainder when 78 is divided by f.
18
What is the remainder when 256 is divided by 14*220/(-154)*(-2 + (-22)/5)?
0
Let a be (6/21)/(5/70). Let m = a + -40. Calculate the remainder when 166 is divided by 10/(-45) + (-1520)/m.
40
What is the remainder when (0 + -4 + 86)/((-2)/(-20)) is divided by 118?
112
Let h be 6 + 480/(-84) + 117/7. Let m(n) = 17*n - 228. What is the remainder when m(h) is divided by (23/(-2))/(2/(-4))?
15
Let w be ((-8)/(-4))/((-1)/(-1)). Suppose -w*n - 4*s + 52 = 0, -3*n + 4*s = -n - 52. What is the remainder when n is divided by 5*2*((-117)/(-18) + -5)?
11
Let k(b) = 6*b**2 - 63*b + 28. Let r(h) = 2*h + 1. Let i(o) = -k(o) + 3*r(o). Calculate the remainder when -1*(-26)/(-4)*-2 is divided by i(11).
5
Suppose -7776 = -17*l + 11349. Suppose 8*g = l + 211. What is the remainder when g is divided by 14?
13
Let p = -239 + 240. Let j(g) = 135*g**2 + 3*g - 2. Calculate the remainder when j(p) is divided by 14.
10
Suppose -2*m + 5*i - 19 = 0, -4*m = m - 3*i. Suppose 3*x - 147 = -m. Calculate the remainder when x is divided by 13.
9
Let n = 1157 - 815. What is the remainder when 698 is divided by n?
14
Let v(l) = 6*l**2 - 2*l - 1. Suppose 3*u + 2 = 4*u, 0 = -3*o + 3*u. Calculate the remainder when 89 is divided by v(o).
13
Calculate the remainder when 260 is divided by ((-4)/6)/((-22841)/2535 + 9).
0
Suppose -5*o - 193 = 47. Let u = 57 + o. Calculate the remainder when 37 is divided by (2 - -31)*u/27.
4
Let b(p) = -p**2 + 11*p - 3. Let u be b(8). Let n be ((-45)/(-21))/(17/357). Let q = n - u. Calculate the remainder when q is divided by 13.
11
Let y be 9/3 + -1 + 1. Suppose 0*a - 111 = -y*a. Let n = -28 + a. Calculate the remainder when 13 is divided by n.
4
Let y = -10126 - -13833. Calculate the remainder when y is divided by 9.
8
Suppose 43 + 35 = -3*p. Let o(q) = q**2 + 25*q + 36. What is the remainder when o(p) is divided by 16?
14
Let g(a) = 2*a**3 - 62*a**2 + 3*a - 93. Let n be g(31). Let h be 2/8 - 12033/4. What is the remainder when (h/16)/(n + -2) is divided by 19?
18
Let z(s) be the third derivative of -s**4/24 + 5*s**3/6 - 67*s**2. Suppose 3*b = -4*u, 0 = -u - 3*b - 6 - 3. What is the remainder when z(-7) is divided by u?
0
Suppose j = 3*l + 149, -168 = 4*l - 3*j + 29. Suppose -117*q + 305 = -112*q. Let m = q + l. What is the remainder when m is divided by 3?
2
Suppose 9 = -3*l + 51. Suppose l*s - 73 = 333. What is the remainder when 143 is divided by s?
27
Suppose -4*h + 5*v = -11, -3*h + 5*v + 3 = -4. Suppose 5*w - 210 = -5*a, -h*a + 170 = 5*w - 45. Calculate the remainder when 92 is divided by w.
45
Let t(v) = 27*v + 92. Let p be t(-3). Suppose p*l = -l + 216. What is the remainder when 142 is divided by l?
16
Let h = -24722 + 24778. What is the remainder when 10303 is divided by h?
55
Calculate the remainder when 453 is divided by ((-4164)/15)/(-2) + 126/105.
33
Let d be (-31)/(93/18) + 187*-1. Suppose 0*i + 279 = i. Let v = d + i. Calculate the remainder when v is divided by 11.
9
What is the remainder when (-68)/306 - 7620/27*-1 is divided by 85?
27
Suppose -7*z + 3943 + 4149 = 0. What is the remainder when 2316 is divided by z?
4
Let a = -22 - -114. Suppose 12 = 96*y - a*y. Suppose 2 = q - 2*o - 4, -y*o = -q + 2. Calculate the remainder when 34 is divided by q.
6
Let w(i) = -i**3 - 2*i**2 - i - 4. Let o = 8678 - 8667. What is the remainder when o is divided by w(-3)?
3
Suppose g + 52 = 5*b - 2*b, 2*g = 4. Let w be (-4 - b/(-3)) + 12. Let p(z) = -z + 34. What is the remainder when 157 is divided by p(w)?
17
Suppose 595*n = 558*n + 740. What is the remainder when 1497 is divided by n?
17
Let x(g) = g**2 + 2*g - 10. Suppose -5*s = -5, 5*v + s - 143 = 223. Calculate the remainder when v is divided by x(-6).
3
Suppose -690 = 2*q - 7*q + 5*c, 546 = 4*q - 2*c. Let s(m) = 3*m**2 - 259*m + 2896. What is the remainder when q is divided by s(13)?
27
Let f be 2/(-1) - (-12 + 7). Suppose f*z = z + 4*v + 144, -2*v + 8 = 0. Let c = 425 + -403. Calculate the remainder when z is divided by c.
14
What is the remainder when (7821/(-198))/((-1)/2) is divided by 25?
4
Calculate the remainder when 227 is divided by 14/140 + -1138*(-6)/120.
56
Suppose -5905*v = -5897*v - 144. Let q = -72 - -114. What is the remainder when q is divided by v?
6
Let n(m) = 42*m - 161. Let a(l) = l**2 - 41*l - 38. Let i be a(42). Calculate the remainder when ((-50)/8)/((-1)/4) is divided by n(i).
4
Let p = -3143 + 4999. What is the remainder when p is divided by 62?
58
Let g(p) = 1634*p - 11417. Suppose l + 20 = 5*j + 6*l, -5*j + 20 = -l. Suppose -j*s + 219 = -109. What is the remainder when s is divided by g(7)?
19
Calculate the remainder when 685 is divided by 1256/16 - (-12)/32*-4.
69
Let j = 539 - 522. Let c(d) = d - 12 + 3*d - 6*d. What is the remainder when j is divided by c(-9)?
5
Let p(g) = 3 + 8 + 2 - g + 10. Calculate the remainder when p(5) is divided by 7.
4
Let o(x) = -x**2 + 11*x + 2. Let c be ((-4)/6)/(4/(-54)). Let d be o(c). Suppose d - 110